ppose -1368*a = -j*a + 1926. What are the prime factors of a?
2, 3, 107
Suppose x - 6*x + 30 = 0. Let r(f) = 10*f**2 - 13*f - 2. List the prime factors of r(x).
2, 5, 7
Suppose 12 = 2*s - 0*s. Let v be (0 - -4) + s + -4. Let q = 93 - v. List the prime factors of q.
3, 29
Suppose -5*t = -4*x - 168, -4*x = 3*t + 6 + 162. What are the prime factors of (x/(-2))/(12 + (-3950)/330)?
3, 7, 11
Suppose -3*x + 30157 = 2*d - 0*d, -75396 = -5*d - 4*x. What are the prime factors of (26/(-5))/((-52)/d)?
2, 13, 29
Let n be 217/5 - (-18)/(-45). Let g = -56 + n. Let m(a) = -3*a - 29. List the prime factors of m(g).
2, 5
Suppose 2 = -2*i, n + 4*i = -0*n - 58. Let u = -6846 + 6905. Let k = u + n. List the prime factors of k.
5
Let m be (-3 - 33/(-22))/((-2)/12). Suppose -10*o = -m*o - 261. What are the prime factors of o?
3, 29
Let x(m) = -2*m**3 - 32*m**2 + 53*m - 167. Let f be x(-18). Suppose -3*s - 13 = -2*z, 4*z + 2 - 7 = -s. Suppose -z*k = -f - 47. List the prime factors of k.
3, 37
List the prime factors of -9410*((-55)/22 + (-3)/(-6)).
2, 5, 941
Suppose 3*o = 4*o + 6. Let v(x) = 3*x + 20. Let g be v(o). Suppose 4*m + 298 = 3*l, 4*l - g*m = 3*m + 396. List the prime factors of l.
2, 47
List the prime factors of ((-2)/6 + 1)/((-14)/(-14534478)*54).
7, 1831
Let g(n) = n**3 + 7*n**2 + 33*n - 8. Let a be g(-10). Let i = a + 1097. List the prime factors of i.
3, 17
Suppose -13*l + 30 = -7*l. Suppose l*d - 42 = -12. List the prime factors of (0 + (-128)/d)*(-90)/20.
2, 3
Let o be (-2 - ((-3)/(-3) + -2)) + -8. Let r be 1/((o/(-45))/((-129)/(-5))). Suppose 0 = -5*y + 1 + r. List the prime factors of y.
2, 13
Let p be (-16314)/30 + 2 + (-33)/15. Let l = -226 - p. What are the prime factors of l?
2, 3, 53
Suppose 2*p - 94757 = -8*d + d, 3*d + 4*p - 40607 = 0. What are the prime factors of d?
13537
Let m be 7 - (-89)/(-13) - 9702/26. Suppose 5*r - 4*u = -1092, 5*u - 1276 + 186 = 5*r. Let d = r - m. List the prime factors of d.
3, 17
Suppose 4*g + 6*s - 2*s = 152, 0 = g - 2*s - 23. Suppose -g*t + 12 = -27*t. Suppose -15 = -5*i, -124 = -h + t*i + i. List the prime factors of h.
7, 19
Suppose -11*r - 30*r + 229692 = -1507. What are the prime factors of r?
5639
Suppose -5162 = -r - 4*q, 9762 = 2*r - 5*q - 510. What are the prime factors of r?
2, 31, 83
Let n(y) = 28*y + 37. Let z(p) = -p**2 - 10*p - 6. Let v be z(-8). What are the prime factors of n(v)?
317
Suppose 62*f - 594811 = -104143. What are the prime factors of f?
2, 3, 1319
Let m(i) = -2*i + 28. Let y be m(8). Let z(o) = o**3 - 9*o**2 - 23*o - 9. What are the prime factors of z(y)?
3, 7
Let w be (-1)/(-1)*42/(-7 + 10). What are the prime factors of (-6)/w - (-48573)/147?
2, 3, 5, 11
Suppose 4*b - 6*g = -g - 33, -4*b - g = 27. Let v(n) = -n - 11. Let f be v(b). What are the prime factors of (-16)/64 - 393/f?
2, 7
Let c be 1 + ((-6965)/(-15))/((-1)/3). What are the prime factors of (6 + c/6)/(-2)?
113
Suppose 25*f - 4 = 24*f. Let z(a) = 18*a**2 - a + 7. What are the prime factors of z(f)?
3, 97
Suppose -s + 0*s = 51. Suppose 33*f + 185 = -3*f - 355. Let r = f - s. List the prime factors of r.
2, 3
Let f(l) be the first derivative of 2*l**3/3 + 2*l**2 - 5*l - 10481. Let c = 5 + 1. What are the prime factors of f(c)?
7, 13
List the prime factors of 1593 - (4 + -23 + 13).
3, 13, 41
Let r be (6 + -7)*(247 - (4 + -1)). Let u = r + 573. List the prime factors of u.
7, 47
Suppose 238558 - 673281 = -41*m. List the prime factors of m.
23, 461
Let y = 63 + -61. Let k be (y - (-1 + 1))*7/14. List the prime factors of (5 + 745/25)/(k/5).
2, 3, 29
Let v(f) = 105*f - 38. Let l be v(19). Let s = l - 1333. What are the prime factors of s?
2, 3, 13
List the prime factors of (4675/4)/(((-150)/10)/(-60)).
5, 11, 17
Let c(d) = -108*d**2 - 3*d + 3. Let t(s) = 214*s**2 + 4*s - 5. Let j(p) = 11*c(p) + 6*t(p). What are the prime factors of j(2)?
3, 41
What are the prime factors of 27694 + (-1)/(88/12 + -7)?
27691
List the prime factors of (1 - -71 - -1)/((-260)/(-219440)).
2, 73, 211
Suppose 6103 = 3*q + 778. What are the prime factors of 1/(-3)*-3*q?
5, 71
What are the prime factors of 220*(33/(-6) - -6)*1828/5?
2, 11, 457
Let s(q) = q**2 - 4261*q - 32. What are the prime factors of s(-19)?
2, 3, 1129
Let m = -107 + 109. Suppose 13 = m*c - l, -5*l + 5 + 35 = 5*c. Suppose -c*s + 155 = -1434. List the prime factors of s.
227
List the prime factors of 15565/33*(10 + -7).
5, 283
List the prime factors of (-86670)/(-25) + 0 - 1*(-2)/10.
3467
Let i(z) = -3*z + 23 - 5*z**2 - 9*z**3 + 5*z**2 - 5*z**2 + 5*z - 2*z**2. List the prime factors of i(-4).
479
Suppose -12*f = c - 10*f - 755, 0 = 5*c - 5*f - 3745. Suppose c = 3*n - 2771. What are the prime factors of n?
2, 587
Suppose -15*l - 594 = 7*l. Let a(i) = i**3 + 29*i**2 + 30*i - 89. List the prime factors of a(l).
13, 43
Let b be 1 - -1 - 160/(-20). Let p(s) = -s**3 + 12*s**2 - 6*s + 15. Let a be p(b). Let c = a - 100. What are the prime factors of c?
5, 11
Let y(b) = 3*b**3 - 8*b**2 + 2*b - 11. Let g be y(3). What are the prime factors of g*(5464/32 + 0)?
683
Let p = 882 - 622. Let b be 3/(-42)*(107 + -149). Suppose b*q - p = -2*q. What are the prime factors of q?
2, 13
Suppose 2*g + g - 9 = 0. Suppose 0 = -g*l + 4*l + v - 1, v = 2*l + 7. What are the prime factors of (-6 + l)/(2/(-8))?
2
Suppose -12*z + 9*z + 36 = 0. Let q be z*8/12*-3. List the prime factors of ((-19052)/q)/11 + 1/(-6).
2, 3
Let c = 296 + -201. Let q = -554 - -540. Let a = c + q. List the prime factors of a.
3
Let a = 119 - 175. Let c = a - -172. Suppose -c = -35*r + 33*r. List the prime factors of r.
2, 29
Let w(a) = 3*a**2 - 19*a - 3. Let n = 275 - 265. List the prime factors of w(n).
107
Let m(x) be the second derivative of x**5/60 - x**4/6 + 13*x**3/6 + 8*x**2 + 10*x. Let b(z) be the first derivative of m(z). List the prime factors of b(10).
73
Let l = -47717 + 87065. List the prime factors of l.
2, 3, 1093
Let l = 27 + -22. Suppose q + 4*q - 35 = -l*i, -5 = -q. Suppose 98 = i*m - 48. List the prime factors of m.
73
Let k = 1251 + -130. Let g = 42 + k. What are the prime factors of g?
1163
Suppose 0 = -34*a + 11*a + 451238 - 11547. List the prime factors of a.
7, 2731
Let l(w) be the third derivative of -7/24*w**4 - 7/6*w**3 - 1/120*w**6 + 38*w**2 + 0 + 0*w - 1/60*w**5. What are the prime factors of l(-5)?
2
Let x be (-42)/10 - 16/(-80). Let k(o) = -82*o - 46. List the prime factors of k(x).
2, 3, 47
Suppose 0 = 3*p + y - 77, 0*y - 25 = -p - y. Let x = p + -15. Suppose x*o + 430 = 16*o. What are the prime factors of o?
2, 43
Suppose 0*q + 2*q = -5*h - 26, 0 = 2*q + 3*h + 18. List the prime factors of (-16)/5*((-3)/q - 206).
2, 41
Let u(j) = 215*j - 4. Let z be (-1)/(2/6) + 7*1. Let q be z - 4/((-12)/(-9)). What are the prime factors of u(q)?
211
Let y be (-3706)/(-16) + (-6)/(-16). Suppose 7*w = 5*w + y. Suppose 4*j + 0*j - w = 0. List the prime factors of j.
29
Let x be (-146856)/(-9) - (-44)/66. Suppose -31*h + x = -36196. What are the prime factors of h?
2, 7, 11
Let p(r) = 12*r**2 - 7*r - 19. Let q(l) = 4*l**2 - 64*l + 1. Let t be q(16). Let b be t/((-5)/10)*2. What are the prime factors of p(b)?
3, 67
Let i be (-192)/(4 - 33/6). Let w = i - 128. Suppose w*k + 258 = 2*k. What are the prime factors of k?
3, 43
Suppose -3*k + 18 + 24 = u, k - 14 = 2*u. Let h(q) = 2*q**2 - 12*q - 103. List the prime factors of h(k).
11
Let n(t) = t**3 - 6*t**2 - 3*t + 20. Let s be n(6). Suppose 1068 + 198 = s*b. List the prime factors of b.
3, 211
Let p = 751 - -16993. List the prime factors of p.
2, 1109
Let n = 151 + -150. What are the prime factors of ((-2)/n)/1 - (-5 + -939)?
2, 3, 157
Let u = 36 + -40. Let g(y) = -y**3 + 2*y**2 + 3*y - 1. Let c be g(u). Suppose -4*n - c + 351 = 0. What are the prime factors of n?
67
Suppose 140 = -7*j - 252. Let d = -149 - -104. Let c = d - j. List the prime factors of c.
11
Suppose 0 = -312*o + 319*o + 21. List the prime factors of -3 + 18*(-1 + (-37)/o).
3, 67
Let g = 57 - 42. Let t(c) = -c**3 + 14*c**2 + 16*c - 4. Let o be t(g). What are the prime factors of 2/o - (-6724)/44?
3, 17
Suppose 0 = 20*v - 16*v - 20. Suppose 274 = v*d - 2*z - 840, -1108 = -5*d - z. List the prime factors of d.
2, 3, 37
Let g(w) = -20*w + 125. Let j be g(6). Suppose 4*o - o + j*p - 584 = 0, -3*o - 3*p + 576 = 0. L